culate the remainder when 944 is divided by k(-9).
134
Let j(g) = 20 - 36 - 2*g - 24 + 2*g**2. Let x be j(0). What is the remainder when 49 is divided by x/(-30)*(15/2 - 0)?
9
Suppose 37*n - 46*n = 0. Suppose j - 4*k = -8*k + 62, n = 5*j - 3*k - 287. What is the remainder when 165 is divided by j?
49
Let v = 21 - 7. Let p = v - -89. Suppose 4*t = -36, -5*n - 5*t - 8 - 11 = -4*n. What is the remainder when p is divided by n?
25
Let a be -2*3/30 + (-148)/10. Let i(s) = -4*s - 53. Calculate the remainder when 46 is divided by i(a).
4
Suppose 195 = -2*b + 1239. Suppose -b = -4*x - 14*x. What is the remainder when 130 is divided by x?
14
Suppose 0 = -3*h - 3*d + 6 + 45, -3*d = 12. Calculate the remainder when 207 is divided by h.
18
Let u(m) = -525*m - 3133. Let j = -21 + 55. Calculate the remainder when j is divided by u(-6).
0
Calculate the remainder when 441 is divided by (-370)/(-35) - 310/(-217).
9
Suppose 142 = 76*u - 390. What is the remainder when 72 is divided by u?
2
Let z = -156 + 156. Let r(s) = 7*s + 17. Calculate the remainder when 49 is divided by r(z).
15
Suppose 611*r - 7069 = 243*r + 10227. What is the remainder when 199 is divided by r?
11
Let g(x) be the third derivative of x**5/30 - 25*x**4/8 - 107*x**3/6 - 2*x**2 - 18. What is the remainder when 367 is divided by g(40)?
88
Let g = -11866 + 11923. Calculate the remainder when 1722 is divided by g.
12
Let s(c) = -2*c**3 + 34*c**2 + 64*c + 9. Let z(b) = b**3 + 1. Let o(k) = s(k) + 3*z(k). Calculate the remainder when 287 is divided by o(-32).
11
Let u = 54 + -34. Suppose -6*o + u = 104. Let a(q) = -q + 33. What is the remainder when a(o) is divided by 25?
22
Calculate the remainder when (17670/6 - -3)*4/(-5 - -7) is divided by 118.
114
Let q(l) = 4*l**2 + 10*l - 3. Let s(t) = 3*t**2 + 8*t - 2. Let c(y) = 4*q(y) - 5*s(y). Calculate the remainder when 7 is divided by c(-2).
1
Suppose -410*j + 3607 = -16208 - 11755. What is the remainder when j is divided by 1?
0
Suppose -2*t + 3*z + 55 = 2*t, -z - 29 = -2*t. Let v = 1584 - 1547. Calculate the remainder when v is divided by t.
5
Suppose m - 219 = -3*d - 2*m, -d + m + 75 = 0. What is the remainder when 4/(-58) + (-57759)/(-1131) is divided by d/8 - 2/8?
6
Let r be (-3042)/(-10) + 76/95. Let n = -261 + r. Calculate the remainder when 219 is divided by n.
43
Suppose -4*n + 4*n = 2*n. Let f be n*(-2 - (-20)/12). Suppose 3*y + g - 8 = 0, 2*y + f*g = -g + 4. Calculate the remainder when 10 is divided by y.
2
Suppose -5*d = 2*u - 33, 75 = u + 3*u + d. Suppose 2*i - 3*i = 14. Let h = -10 - i. Calculate the remainder when u is divided by h.
3
Suppose -86*u + 221 + 202 = -7. What is the remainder when 11 is divided by u?
1
Suppose o - 2*a - 110 = 0, 0 = -2*o - a + 278 - 73. Calculate the remainder when 153 is divided by o.
49
Suppose -a = 6*a + 22*a - 1827. Calculate the remainder when 205 is divided by a.
16
Suppose 0 = 920*s - 931*s + 4807. Calculate the remainder when s is divided by 20.
17
Suppose -35*b = 3*b + 3420. Calculate the remainder when 1079 is divided by 6/b*-25*36.
59
Let o(y) = 8*y**3 + 624*y**2 - 2*y - 134. Calculate the remainder when 606 is divided by o(-78).
12
Let o = -38 + 40. Suppose 4*h - 52 = -5*l, o*l - 41 = -2*l - 3*h. What is the remainder when (17 - (1 + -4))/1 is divided by l?
4
Let p(h) = -71*h - 301. Calculate the remainder when 171 is divided by p(-5).
9
What is the remainder when 125/10 + -12 - 170/(-4) is divided by (1 - -9) + (-4)/2?
3
Let x = -70 + 57. Let n(r) = -4*r - 47. What is the remainder when 10 is divided by n(x)?
0
Suppose -t - 131 = -5*k, -4*t + 3*k - 590 = 5*k. Let q = t - -158. What is the remainder when 71 is divided by q?
11
Let g = 3177 + -3172. Let d(i) = 24*i**2 + 2*i - 1. Let r be d(1). Let u = r + -14. What is the remainder when u is divided by g?
1
What is the remainder when (-5)/(-10) - (-10198)/4 is divided by 37?
34
Let c = 635 + -396. Let l = c - 227. What is the remainder when 46 is divided by l?
10
Let j = 474 - 181. Let y = 1631 + -1623. What is the remainder when j is divided by y?
5
Calculate the remainder when 9/(-18) - (10890/12)/(-3) is divided by 60.
2
Suppose -1 = 6*r - 181. Calculate the remainder when 59 is divided by r.
29
Let d = -18 + 22. Suppose 5*u - 4*n = 7*u - 188, -d*u = n - 341. Suppose -6*p + 54 = -3*p. Calculate the remainder when u is divided by p.
12
Suppose 2*z - 10 = -2. What is the remainder when 116 is divided by (59/(z - 5))/(2 - 3)?
57
Let d(a) = -2*a**2 + 8*a - 8. Let z be d(2). Suppose z = -y + 4, -26*p + 21*p = -y - 91. Calculate the remainder when 166 is divided by p.
14
Let t(y) = 25*y**2 + 19*y + 565. What is the remainder when t(-12) is divided by 22?
21
Let n = -155 - -99. Let p = n + 50. What is the remainder when 21 is divided by (p/9)/((-4)/72)?
9
Suppose 6*g - 220 = 158. What is the remainder when g is divided by 3/2*1530/135?
12
Suppose s + 8 = 4*a + 4*s, 5*s = 0. Suppose 3*v = -5*w + 96 - 33, 4*v - a*w = 84. Calculate the remainder when v is divided by 6.
3
Let s = 11564 + -11536. Calculate the remainder when s is divided by 8.
4
Let n(r) = -r**2 - 25*r - 113. What is the remainder when 89*-1*3/(-3) is divided by n(-14)?
7
Suppose -f = -6*a + 5*a + 29, 5*a - 2*f = 154. What is the remainder when 1197 is divided by a?
13
What is the remainder when 6 + 7 - 17 - (4 + -1 - 1589) is divided by 144?
142
Let k = -127 + 316. Suppose -9*y - 72 = -k. Calculate the remainder when 24 is divided by y.
11
Let d = -40 + 73. Let y = d - 29. Suppose 4*a = -y*t + 52, 58 = 4*t + 4*a - 2*a. What is the remainder when 29 is divided by t?
13
Suppose 3296*g - 3302*g + 2958 = 0. Calculate the remainder when g is divided by 236.
21
Let b = -2364 + 2371. Calculate the remainder when 2/8 - 540/(-16) is divided by b.
6
Suppose 21*p - 4368 - 17052 = 0. Calculate the remainder when p is divided by 147.
138
Let l = -10 - -12. Let k(h) = 3*h**3 + 2*h**2 - h - 3. Calculate the remainder when k(l) is divided by (-14)/(3*(-3)/9).
13
Suppose -f = -31 - 54. What is the remainder when 165 + (-11 - (4 + -12)) is divided by f?
77
Let o = -149 - -148. What is the remainder when -6 + 144 + (2 - o) is divided by 29?
25
Suppose -3*b + 1182 = 3*n, 2*b + 2*b - 1616 = 4*n. Suppose -b = -22*m + 151. What is the remainder when 82 is divided by m?
7
Let g(d) = -225*d - 431. What is the remainder when g(-2) is divided by 15?
4
What is the remainder when 6*-1 + 580469/1233 - (-2)/9 is divided by 65?
10
Let a(u) = -2*u**3 + u**2 - 6*u - 18. Let p be a(-3). Let k = 113 - p. What is the remainder when 247 is divided by k?
47
Suppose 1837*i - 25645 = 1814*i. Calculate the remainder when i is divided by 51.
44
What is the remainder when (9236 - -1)/((-942)/(-314)) is divided by 14?
13
Let p = -3389 + 3402. Calculate the remainder when 86 is divided by p.
8
What is the remainder when 2248 is divided by (-3 - -2) + (13 + -6 - (-7 - 9))?
4
Let u = -239 + 244. Suppose -4*c + 127 = u*p, -2*c - 121 = -5*p - 4*c. Calculate the remainder when 49 is divided by p.
3
Let f be ((-48)/(-2))/(-6)*483/4. Let g = -443 - f. What is the remainder when 87 is divided by g?
7
Let s(n) = 4*n**2 - 14. Let i be 8/(-10)*1980/(-12). Suppose -6*y + 3*y = -i. Calculate the remainder when s(-6) is divided by y.
42
Let x be (-8 + 3)/(1/(-1)). Suppose -9*y + 95 = -6*y + 4*m, -4*m - 4 = 0. What is the remainder when y is divided by (-13)/(-2) + x/10?
5
Let o = 5 - -68. Suppose 2*n = 31 + o. Suppose -3*r - n = -4*h, r + 3*r - 34 = -5*h. What is the remainder when 39 is divided by h?
9
Let m = 120 + -93. What is the remainder when (-105)/((-4 - -3) + 0) is divided by m?
24
Suppose -4*b = 5*v - 1478, 76*v - 2*b = 77*v - 286. What is the remainder when 9359 is divided by v?
299
Let d = -20 - -16. What is the remainder when (6 - 51/9) + 232/6 is divided by (16/(-12))/(d/30)?
9
Let w = -66 + 69. Suppose -2*i + 2*g - 6 = 0, -w*i + 2*g - 8 = -2. Calculate the remainder when (3 + i)*438/18 is divided by 25.
23
Let o = -12 + 28. Let u(h) = h**2 + 31*h - 209 - 216 + 454. Calculate the remainder when u(-31) is divided by o.
13
Suppose -4*s = 6*s - 500. Let v = -47 + s. What is the remainder when 698/14 - v*2/(-42) is divided by 18?
14
Let d(z) = -z**2 + 23*z + 52. Let f be d(22). Let m = -27 + f. Let x(j) = 16*j**2 + 3*j - 3. What 